t k(h) = -h**3 - 29*h**2 - 30*h + 9. Let a = -23 + 25. Suppose -r = -a*r - 28. Let t be k(r). What is the highest common factor of 26 and t?
13
Suppose -6 = 3*y, 12*o - 11*o - 8 = 3*y. Let k be ((-22)/o - 639)/(-2 - 0). What is the highest common factor of k and 39?
13
Let y(l) = -l**3 + 2*l**2 - 3*l + 8. Let v be y(0). Let n(w) = -10*w - v + 25*w - 9*w. Let j be n(3). Calculate the greatest common divisor of 40 and j.
10
Let f be 6 + 10 + 130 - 2/1. Let n = f + -135. Calculate the highest common factor of 3 and n.
3
Let n(s) = -2*s**2 + 54*s - 182. Let t be n(22). What is the greatest common divisor of t and 1349?
19
Let b be (-432 + 421)*42/(-22). What is the highest common divisor of 67011 and b?
21
Suppose -f = 2*g - 1395, -g + 720 = -27*f + 23*f. Calculate the greatest common factor of 180 and g.
20
Suppose 22*v - 153 - 287 = 0. Let b be (8/(-10))/(8/v)*-12. What is the greatest common divisor of 96 and b?
24
Suppose 0 = -5*i + 2*f + 80, -4*i - 2*f = 4 - 86. What is the greatest common divisor of 207 and i?
9
Suppose 0 = 5*m - 5*s - 31 - 159, 5*m = -2*s + 155. Calculate the highest common divisor of m and 2937.
33
Suppose -9 = 3*v - 9. Suppose 0 = -c - 5*p - 5, v*c - 5 = 3*c + 5*p. Suppose -y = 0, 3*g - y + 0*y - 18 = c. Calculate the greatest common factor of 24 and g.
6
Let k(p) = 28 + p**2 + 149*p - 301*p + 141*p. Suppose -7 = 3*c + 2*n - 21, -4*n = 2*c + 4. Let q be k(c). Calculate the highest common factor of q and 3.
1
Let q(v) = -v**3 + 8*v**2 + 171*v - 44. Let a be q(16). Calculate the highest common divisor of a and 2300.
92
Suppose 0 = 9*m - 55 - 17. Suppose -9*s + 155 = -m*s + 3*x, s - 115 = 5*x. Let t = -23 - -43. What is the greatest common factor of t and s?
20
Let l(p) = -3*p + 31. Let t be l(11). Let w be (-3740)/(-40) + 3/t. What is the greatest common divisor of w and 230?
46
Suppose -4*r + 4*x = -1528, 7*x - 3*x = 2*r - 762. Suppose 387 = 4*i - 5*k + 34, -4*i - 5*k + r = 0. Calculate the greatest common factor of 4 and i.
4
Suppose 14*h - 2*h - 36008 - 4804 = 0. What is the highest common divisor of h and 38?
19
Suppose p = 2*p + 30. Let b be (-1 + (-6)/(-10))/(3/p). Suppose -5*d + 421 = -x + 2*x, b*d + 4*x - 324 = 0. What is the greatest common factor of d and 5?
5
Let a(r) = r**3 - 11*r**2 - 2*r - 54. Let y be a(12). Calculate the highest common divisor of y and 209.
11
Let y be (1996/7485)/(2/58419) - (-4)/5. Calculate the highest common factor of y and 570.
190
Let r be 2580/18*24/10. What is the highest common factor of 946 and r?
86
Suppose -28 = -47*b + 40*b. Let t be 8*(20/5)/b. What is the highest common factor of 24 and t?
8
Let j = 48 - 43. Suppose -j*y = -4*y - 80. Let s = y + -74. What is the greatest common divisor of 4 and s?
2
Let c = 0 - -358. Suppose -4*l + c + 210 = 0. What is the highest common factor of l and 71?
71
Let k = 5707 + -5696. Calculate the highest common factor of k and 737.
11
Let t(g) = 10*g - 80. Let s be 13 - -1 - (-4 + 4 + 0). Let p be t(s). Calculate the greatest common divisor of p and 10.
10
Suppose -o - 12 + 6 = 0, 3*s = 2*o + 36. Calculate the highest common factor of 270 and s.
2
Suppose -13*g + 2*g + 234 = 7*g. Suppose 2418 = 5*t + t. Calculate the greatest common factor of g and t.
13
Let d be 88/20 + (-12)/30. Let z = d - -2. Let u(a) = 55*a - 1. Let c be u(1). Calculate the greatest common divisor of c and z.
6
Let f be 2/(-8) - ((-399)/4)/7. Suppose f*u = 13*u - 21. Let w be (-3)/2*(-8 + u + 7). What is the greatest common factor of 297 and w?
33
Suppose -2*x - 6*x - 49 = -2417. Calculate the greatest common divisor of x and 288.
8
Let n = 7507 - 7467. What is the greatest common factor of 865 and n?
5
Let y be 2 - (280/(-10))/((-4)/46). Let q = y - -330. What is the greatest common divisor of 15 and q?
5
Suppose -2*m + g = -1598, 0 = g + 1647 - 1649. Calculate the highest common factor of m and 152.
8
Suppose -5*w - 8 = -h, 0*w - 4*w = 4*h - 8. Suppose 0 = -592*l + 571*l - 63. Let n be -6*(l - h/(-2)). Calculate the highest common divisor of 72 and n.
9
Let u(k) = -1 + 6 - 111*k - 3 - 46 + 24*k. Let x be u(-5). Calculate the highest common divisor of x and 51.
17
Suppose -43*o + 36 = -34*o. Suppose 16 = 2*h - o. Calculate the greatest common factor of 20 and h.
10
Let d(o) = 3*o**3 + 55*o**2 + 7*o - 66. Let t be d(-18). Suppose 0 = 2*k - 5*k + 132. Calculate the highest common factor of k and t.
44
Suppose 56*n - 50*n - 12 = 0. Suppose h - 6*h = -d + 265, n*d + 5*h - 500 = 0. Calculate the greatest common divisor of 51 and d.
51
Let o = 3 + -2. Let c = -441664 + 441701. Calculate the greatest common divisor of o and c.
1
Suppose 37*l + 6 = 39*l. Let i(q) = 9*q**2 - 2*q. Let a be i(l). Let d = a - 65. What is the highest common factor of d and 70?
10
Let m = -31190 + 31202. Calculate the greatest common factor of 34908 and m.
12
Let a = 617 + -272. Let s = -169 + a. Let b = -59 - -75. Calculate the greatest common divisor of s and b.
16
Suppose -10*v + 96 = -74. Suppose -3*x - 2 = -v. What is the greatest common factor of 45 and x?
5
Let r be (-392)/(-24)*(-114)/(-266). Calculate the greatest common divisor of 175 and r.
7
Suppose 0 = 11*r - 8*r - 6. Let k(z) = z + r*z**3 - z**3 - 6*z**3 + 10*z**2 + 6 + 4*z**3. Let u be k(7). What is the highest common divisor of 40 and u?
40
Suppose 221 - 61 = 4*q. Let o(p) = p**3 + 28*p**2 - 32*p - 67. Suppose -173 + 57 = 4*f. Let d be o(f). What is the greatest common divisor of d and q?
20
Let a(q) = -6*q**2 + 554*q - 196. Let f be a(90). What is the greatest common divisor of f and 152?
152
Suppose 3*s + 155 = 2*g, 2*g + 3*s = -3*g + 377. Calculate the highest common divisor of g and 188.
4
Let o be -1 + 2 - (-5 - -7). Let w(f) = -491*f**3 - 3*f**2 - 2*f. Let x be w(o). Suppose -4*m - 138 + x = 0. What is the highest common factor of m and 11?
11
Let c(h) = 82*h + 902. Let n be c(-10). What is the highest common factor of n and 82?
82
Let o be 10/(((-12)/(-32))/(-3))*2/(-5). What is the greatest common divisor of 2224 and o?
16
Let m(y) = -2*y**2 + 29*y + 4. Let r be m(14). Suppose 3*z - 4*n = 2 - 8, -5*z + 5*n = 5. What is the greatest common factor of z and r?
2
Suppose 9022 + 961 = 62*j - 3223. Calculate the highest common divisor of 3053 and j.
71
Suppose 0 = -2*z - 2*z - j + 23, 5*z + j = 28. Suppose -z*b + 26 = -4*y - 61, 24 = b - 3*y. What is the greatest common factor of 645 and b?
15
Suppose 2 = 3*f + 3*z + 5, 4*z + 25 = 3*f. Suppose 0 = f*p - 11 - 13. What is the greatest common factor of p and 6?
2
Let j = 621 + -368. Let h = j + -236. Calculate the greatest common divisor of 1 and h.
1
Suppose 0 = 2*l, 7*k - 5*l - 66 = 4*k. Calculate the greatest common divisor of 1199 and k.
11
Let d(x) = -x**3 + 2*x**2 + 19*x + 17. Let o be d(-3). Suppose -232 - 328 = -2*q. Calculate the greatest common divisor of q and o.
5
Suppose 0 = -2*p + 2*m + 224, 5*m = 25*p - 23*p - 236. Calculate the greatest common divisor of 10476 and p.
108
Suppose 105 = -2*h - 571. Let u = h - -357. What is the greatest common divisor of 437 and u?
19
Let j be 4/7 + (-5200)/280. Let t = j - -29. What is the highest common divisor of t and 55?
11
Let f be (-77)/22*(-984)/14. Suppose -f = -11*g + 40. Calculate the highest common divisor of g and 117.
13
Let v(s) = -2*s**2 - 155*s + 615. Let t be v(-81). What is the greatest common divisor of t and 11664?
48
Let b be 4/22 - (-527)/187. Suppose k = -b*k, 5*r = -5*k. Let q(t) = t + 63. Let a be q(r). Calculate the highest common divisor of 7 and a.
7
Suppose -5*d = 3*k - 1719, 177*k - 180*k = 3*d - 1707. Calculate the greatest common factor of 8 and k.
1
Suppose -5*p + 573 = 5*b + 163, -3*b + 5*p = -254. Suppose -8 = -x + b. What is the greatest common divisor of 13 and x?
13
Suppose -2*k + 3 = -3*q + 36, 19 = -k + 2*q. Let a be k/6*(-50 - (9 + -15)). What is the greatest common divisor of a and 9?
3
Let j(s) = -2*s**2 - 8*s - 11. Let p be j(-5). Let v be ((-112)/p)/(4/6). Suppose v*c - 35 - 141 = 0. Calculate the highest common divisor of c and 176.
22
Let r = 4440 + -4295. Calculate the greatest common divisor of r and 480.
5
Suppose -5*y + 961 = 2*u - 9754, -2*y + 64318 = 12*u. Calculate the greatest common factor of u and 16.
16
Suppose 129 = 37*z - 113 - 128. What is the greatest common divisor of 90 a